{"id":12,"date":"2014-01-23T14:38:26","date_gmt":"2014-01-23T14:38:26","guid":{"rendered":"http:\/\/nandini.bplaced.net\/wordpress\/?page_id=12"},"modified":"2015-04-24T10:12:09","modified_gmt":"2015-04-24T10:12:09","slug":"die_taenzerin","status":"publish","type":"page","link":"https:\/\/nandini.bplaced.net\/wordpress\/die_taenzerin\/","title":{"rendered":"Die T\u00e4nzerin"},"content":{"rendered":"<p style=\"text-align: left;\"><strong>Nandini tanzt und unterrichtet seit vielen Jahren den klassischen indischenTanzsstil Bharatanatyam sowie Bollywoodtanz. Dabei hat sie umfassende B\u00fchnenerfahrung gesammelt. Ihre traditionelle B\u00fchnenreife im Tanzstil Bharatanatyam fand im September 2013 unter Leitung ihrer Lehrerinnen Smt. Shyamala Surendran aus Cochin\/ Indien und Chandra Devi, M\u00fcnchen, statt.<\/strong><\/p>\n<p>Nandini begeisterte sich bereits als Kind f\u00fcrs Tanzen und nahm viele Jahre Ballett- und Jazztanzunterricht. Schon lange fasziniert von der Vielfalt der indischen Kultur kam sie 2002 in Kontakt mit dem klassischen indischen Tanzstil Bharatanatyam und erlernte bei Alexandra Romanova dessen Grundlagen.<\/p>\n<p>Bei einer Indienreise lernte Nandini 2006 die renommierte Bharatanatyam-Lehrerin Smt. Shyamala Surendran (Cochin, Kerala) kennen. Seitdem wird sie von ihr und ihrer Meistersch\u00fclerin Chandra Devi (M\u00fcnchen) ausgebildet. Dabei legen beide Lehrerinnen gro\u00dfen Wert auf \u00e4sthetische Klarheit und facettenreichen, intensiven Ausdruck (im klassischen indischen Tanz als \u201aabhinaya\u2018 bezeichnet). Am 27.10.13. stellte sie ihr K\u00f6nnen bei der traditionellen B\u00fchnenreife (Arangetram) in M\u00fcnchen gemeinsam mit Renate Nezer unter Beweis. Das Arangetram fand unter der Leitung von Smt. Shyamala Surendran und Chandra Devi statt und wurde von klassisch s\u00fcdindischer Live-Musik begleitet (<a title=\"Solost\u00fcck B\u00fchnenreife\" href=\"https:\/\/www.youtube.com\/watch?v=lH-LVeI-UMU\" target=\"_blank\">zum Video<\/a>).<\/p>\n<p>Seit einigen Jahren tritt Nandini bereits mit Bharatanatyam-Choreographien auf, wobei sie die St\u00fccke der jeweiligen Situation entsprechend auszuw\u00e4hlt. Im Rahmen von Veranstaltungen wie dem 50-j\u00e4hrigen Jubil\u00e4um des S\u00fcdasien-Instituts Heidelberg, der Afrikatage Heidelberg-Mannheim, etc. konnte sie ihre B\u00fchnenpr\u00e4senz umfassend unter Beweis stellen. Dar\u00fcber hinaus gibt sie Kurse und Workshops f\u00fcr Bharatanatyam. Aufgrund ihres Studiums mit Schwerpunkt Hinduismus und indische Sprachen kann sie Kontext und Zusammenh\u00e4nge des klassischen indischen Tanzes umfassend vermitteln.<\/p>\n<p>Neben Bharatanatyam besch\u00e4ftigt sich Nandini intensiv mit Bollywood-Tanz und lernt Odissi bei Christine Kreh-Laino in Frankfurt.Odissi ist ein weiterer klassischer indischer Tanzstil, der sich durch anmutige Bewegungen und asymmetrische Positionen auszeichnet. In diesem Zusammenhang nahm sie Unterricht bei der bekannten Lehrerin Madhumita Raut in Neu Delhi.<\/p>\n<p>Die Lebensfreude des Bollywood-Tanzes stellt f\u00fcr Nandini eine bereichernde Erg\u00e4nzung zur spirituellen Atmosph\u00e4re der klassischen Tanzformen dar. Weiterhin interessiert sie sich auch f\u00fcr andere Tanzstile, wie z.B. Lindy Hop, Solo Charleston und afrikanischen sowie orientalischen Tanz.<\/p>\n<p>F\u00fcr Nandini stellt Tanz ein Mittel des Ausdrucks sowie der Selbstwahrnehmung dar, das Ausgeglichenheit, sowie Liebe und Respekt gegen\u00fcber der eigenen Person f\u00f6rdert, ohne dass man aufh\u00f6rt, sich neuen Herausforderungen zu stellen. Diese Haltung l\u00e4sst sie auch in Unterricht und Auftritte einflie\u00dfen. Die Wahl des K\u00fcnstlernamen Nandini (&#8218;die Freude Tragende&#8216;) ist ebenfalls durch diese Idee beeinflusst.<\/p>\n<p><a href=\"http:\/\/nandini.bplaced.net\/wordpress\/wp-content\/uploads\/2014\/01\/arangetramposterklein.jpg\"><img loading=\"lazy\" decoding=\"async\" class=\"aligncenter size-full wp-image-207\" alt=\"arangetramposterklein\" src=\"http:\/\/nandini.bplaced.net\/wordpress\/wp-content\/uploads\/2014\/01\/arangetramposterklein.jpg\" width=\"450\" height=\"637\" srcset=\"https:\/\/nandini.bplaced.net\/wordpress\/wp-content\/uploads\/2014\/01\/arangetramposterklein.jpg 450w, https:\/\/nandini.bplaced.net\/wordpress\/wp-content\/uploads\/2014\/01\/arangetramposterklein-211x300.jpg 211w\" sizes=\"auto, (max-width: 450px) 100vw, 450px\" \/><\/a><\/p>\n","protected":false},"excerpt":{"rendered":"<p>Nandini tanzt und unterrichtet seit vielen Jahren den klassischen indischenTanzsstil Bharatanatyam sowie Bollywoodtanz. Dabei hat sie umfassende B\u00fchnenerfahrung gesammelt. Ihre traditionelle B\u00fchnenreife im Tanzstil Bharatanatyam fand im September 2013 unter Leitung ihrer Lehrerinnen Smt. Shyamala Surendran aus Cochin\/ Indien und Chandra Devi, M\u00fcnchen, statt. Nandini begeisterte sich bereits als Kind f\u00fcrs Tanzen und nahm viele [&hellip;]<\/p>\n","protected":false},"author":1,"featured_media":0,"parent":0,"menu_order":0,"comment_status":"open","ping_status":"open","template":"","meta":{"footnotes":""},"class_list":["post-12","page","type-page","status-publish","hentry"],"_links":{"self":[{"href":"https:\/\/nandini.bplaced.net\/wordpress\/wp-json\/wp\/v2\/pages\/12","targetHints":{"allow":["GET"]}}],"collection":[{"href":"https:\/\/nandini.bplaced.net\/wordpress\/wp-json\/wp\/v2\/pages"}],"about":[{"href":"https:\/\/nandini.bplaced.net\/wordpress\/wp-json\/wp\/v2\/types\/page"}],"author":[{"embeddable":true,"href":"https:\/\/nandini.bplaced.net\/wordpress\/wp-json\/wp\/v2\/users\/1"}],"replies":[{"embeddable":true,"href":"https:\/\/nandini.bplaced.net\/wordpress\/wp-json\/wp\/v2\/comments?post=12"}],"version-history":[{"count":16,"href":"https:\/\/nandini.bplaced.net\/wordpress\/wp-json\/wp\/v2\/pages\/12\/revisions"}],"predecessor-version":[{"id":249,"href":"https:\/\/nandini.bplaced.net\/wordpress\/wp-json\/wp\/v2\/pages\/12\/revisions\/249"}],"wp:attachment":[{"href":"https:\/\/nandini.bplaced.net\/wordpress\/wp-json\/wp\/v2\/media?parent=12"}],"curies":[{"name":"wp","href":"https:\/\/api.w.org\/{rel}","templated":true}]}}