{"id":2,"date":"2011-08-05T10:01:01","date_gmt":"2011-08-05T10:01:01","guid":{"rendered":"http:\/\/nandini.bplaced.net\/wordpress\/?page_id=2"},"modified":"2015-08-19T20:11:04","modified_gmt":"2015-08-19T20:11:04","slug":"bharatanatyam","status":"publish","type":"page","link":"https:\/\/nandini.bplaced.net\/wordpress\/bharatanatyam\/","title":{"rendered":"Bharatanatyam"},"content":{"rendered":"<h4><strong>Eine kurze Einf\u00fchrung in den indischen Tanzstil Bharatanatyam<\/strong><strong><\/strong><\/h4>\n<p>Bharatanatyam ist ein klassischer Tanz aus S\u00fcdindien und wird dort schon seit circa 2000 Jahren praktiziert. Er entstand in hinduistischen Tempeln, in denen T\u00e4nzerinnen die G\u00f6tter mit ihrem Tanz verehrten und unterhielten. Nach einer Phase des Niedergangs unter der britischen Kolonialherrschaft wurde er von engagierten und traditionsbewussten Inderinnen wiederentdeckt. Heutzutage ist Bharatanatyam nicht mehr aus dem kulturellen Leben S\u00fcdindiens wegzudenken. Weltweit ist er der indische Tanz mit dem h\u00f6chsten Bekanntheitsgrad.<\/p>\n<p>Das Repertoire des Bharatanatyam ist sehr vielseitig. Es verbindet kraftvolle Bewegungen mit Anmut. Neben abstrakten Bewegungsabl\u00e4ufen bestehen erz\u00e4hlerische Elemente, in denen die T\u00e4nzerin \/ der T\u00e4nzer dem Publikum Inhalte aus hinduistischen Mythen und indischer Literatur vermittelt. Diese werden mit Hilfe von Handgesten (<em>mudra<\/em>s), Mimik und K\u00f6rpersprache ausgedr\u00fcckt. \u00a0Unterstrichen wird der Tanz durch wundersch\u00f6ne farbenfrohe Kost\u00fcme und Schmuck.<\/p>\n<p>Das Training des Bharatanatyam f\u00f6rdert Fitness, Ausdauer und K\u00f6rperkoordination. Dar\u00fcber hinaus hat es \u00e4hnlich dem Yoga eine positive und ausgleichende Wirkung auf Geist und Seele.<\/p>\n<p>Weiter unten befindet sich eine ausf\u00fchrlichere Beschreibung von Bharatanatyam.<\/p>\n<p>Nandini unterrichtet den klassischen Tanz Bharatanatyam in Heidelberg und Umgebung. Mehr Informationen <strong><a href=\"http:\/\/nandini.bplaced.net\/wordpress\/kursangebot\/\" target=\"_blank\">hier!<\/a><\/strong><\/p>\n<p><a href=\"http:\/\/nandini.bplaced.net\/wordpress\/wp-content\/uploads\/2011\/08\/Nataraja-zugeschnitten-inet.jpg\"><img loading=\"lazy\" decoding=\"async\" class=\"aligncenter size-full wp-image-205\" alt=\"Nataraja zugeschnitten inet\" src=\"http:\/\/nandini.bplaced.net\/wordpress\/wp-content\/uploads\/2011\/08\/Nataraja-zugeschnitten-inet.jpg\" width=\"277\" height=\"418\" srcset=\"https:\/\/nandini.bplaced.net\/wordpress\/wp-content\/uploads\/2011\/08\/Nataraja-zugeschnitten-inet.jpg 277w, https:\/\/nandini.bplaced.net\/wordpress\/wp-content\/uploads\/2011\/08\/Nataraja-zugeschnitten-inet-198x300.jpg 198w\" sizes=\"auto, (max-width: 277px) 100vw, 277px\" \/><\/a><\/p>\n<h4><strong>Ausf\u00fchrliche Informationen zu Bharatanatyam<!--more--><\/strong><\/h4>\n<p>Bharatanatyam ist ein klassischer Tanz aus S\u00fcdindien und wird dort schon seit circa 2000 Jahren, nat\u00fcrlich in immer wieder ver\u00e4nderter Form, praktiziert. Die Bezeichnung Bharatanatyam wird auf unterschiedliche Urspr\u00fcnge zur\u00fcckgef\u00fchrt.<em> Natyam <\/em>ist Sanskrit<a title=\"\" href=\"#_ftn1\">[1]<\/a> und bedeutet <em>Tanz<\/em>. Die Bezeichnung <em>Bharata<\/em> wird z.B. auf Bharata, den Verfasser des Natyashastra<a title=\"\" href=\"#_ftn2\">[2]<\/a> zur\u00fcckgef\u00fchrt.<em><\/em> Der Tanz entstand in hinduistischen Tempeln, in denen er aufgef\u00fchrt wurde, um die G\u00f6tter zu verehren, indem man sie wie F\u00fcrsten mit Tanz und Gesang unterhielt. Nach einer Phase des Niedergangs unter der britischen Kolonialherrschaft wurde er von engagierten und traditionsbewussten Inderinnen wiederentdeckt. Heutzutage ist Bharatanatyam nicht mehr aus dem kulturellen Leben S\u00fcdindiens wegzudenken. Weltweit ist er der klassische indische Tanz mit dem h\u00f6chsten Bekanntheitsgrad.<\/p>\n<p>Das Repertoire des Bharatanatyam ist sehr vielseitig. Es verbindet kraftvolle Bewegungen mit Anmut. Neben abstrakten Bewegungsabl\u00e4ufen bestehen erz\u00e4hlerische Elemente, in denen die T\u00e4nzerin \/ der T\u00e4nzer dem Publikum Inhalte aus hinduistischen Mythen und klassischer indischer Literatur vermittelt. Diese werden mit Hilfe von Handgesten (<em>Mudra<\/em>s), Mimik und K\u00f6rpersprache ausgedr\u00fcckt. Unterstrichen wird der Tanz durch farbenfrohe Kost\u00fcme und Schmuck.<\/p>\n<p>Der Unterricht konzentriert sich anfangs auf grundlegende Bewegungsabl\u00e4ufe des Bharatanatyams, die sogenannten <em>Adavu<\/em>s. Diese bilden verschiedene Gruppen, wobei die Bewegung der Beine und F\u00fc\u00dfe (Schritte, Spr\u00fcnge, Formen des Schlagens mit dem Fu\u00df) innerhalb der einzelnen Adavu-Gruppe einander \u00e4hneln und Variationen eines grundlegenden Bewegungstyps sind. Hier ist besonders die gleichzeitige, oft zueinander asymmetrische Bewegung von Armen und Beinen eine wichtige \u00dcbung f\u00fcr Konzentration und K\u00f6rperkoordination. Diese machen bei rein abstrakten T\u00e4nzen auch einen besonderen Reiz f\u00fcr den Zuschauer aus.<\/p>\n<p>Neben dem Erlernen von Adavus wird der Sch\u00fcler auch an die Handgesten (Mudras) und ihre Bedeutungen in verschiedenen Kontexten herangef\u00fchrt. Dar\u00fcber hinaus wird z.B. die Koordination der Augen und des Halses erlernt. Ein besonderer Aspekt sind die neun Gef\u00fchlsregungen <a title=\"\" href=\"#_ftn3\">[3]<\/a> (Liebe, Mitleid, \u00c4rger, Stolz, \u00dcberraschung, Ekel, Freude (bzw. H\u00e4me), Angst, Frieden [in der Meditation]), deren Ausdruck erlernt wird.<\/p>\n<p>Im Laufe der Tanzausbildung wird ein Repertoire verschiedener Tanzarten gelernt. Diese unterscheiden sich voneinander im Einsatz von abstraktem und erz\u00e4hlenden, darstellenden Aspekten, in Komplexit\u00e4t, Stimmung und in der Thematik, falls es sich um einen erz\u00e4hlenden Tanz handelt. Begonnen wird meist mit zwei rein abstrakten Arten von T\u00e4nzen. D<em><\/em><em><\/em>ie darauffolgenden T\u00e4nze enthalten einen darstellenden Teil, in denen einzelne G\u00f6tter und ihre Taten, aber auch der Inhalt von Heldenepen und Liebesgeschichten thematisiert werden. Der Inhalt wird dabei \u00fcber Mudras und den Ausdruck von Emotionen vermittelt, die meistens mit dem Text des Musikst\u00fcckes in Verbindung stehen.<\/p>\n<p>Da Bharatanatyam einen spirituellen Ursprung hat, beinhaltet er noch heute Rituale und Traditionen, die neugierig auf die s\u00fcdindische Kultur machen. Dieser Einfluss spiegelt sich z.B. im <em>Namaskar(am)<\/em>, der Begr\u00fc\u00dfung wieder. Mit dieser Handlung begr\u00fc\u00dft die T\u00e4nzerin vor jedem Auftritt, aber auch jedem Unterricht, die G\u00f6tter, die Lehrer und die \u00fcbrigen Menschen. Zuvor bittet sie in einer respektvollen Geste die G\u00f6ttin der Erde um Verzeihung, dass sie sie beim Tanz mit den F\u00fc\u00dfen tritt.<\/p>\n<p>Das Training des Bharatanatyam f\u00f6rdert Fitness, Ausdauer und K\u00f6rperkoordination. Dar\u00fcber hinaus hat es \u00e4hnlich dem Yoga eine positive und ausgleichende Wirkung auf Geist und Seele.<\/p>\n<p>Nandini unterrichtet den klassischen Tanz Bharatanatyam in Heidelberg und Umgebung. Mehr Informationen <a href=\"http:\/\/nandini.bplaced.net\/wordpress\/kursangebot\/\"><strong>hier!<\/strong><\/a><\/p>\n<div>\n<hr align=\"left\" size=\"1\" width=\"33%\" \/>\n<div>\n<p><a title=\"\" href=\"#_ftnref1\">[1]<\/a> Sanskrit ist eine der alten Schriftsprachen Indiens und nimmt im Bereich S\u00fcdasien eine \u00e4hnliche Rolle ein, wie im europ\u00e4ischen Raum das Latein. Die meisten alten philosophischen Abhandlungen, aber auch G\u00f6ttermythen und Rechtstexte sind in Sanskrit verfasst.<\/p>\n<\/div>\n<div>\n<p><a title=\"\" href=\"#_ftnref2\">[2]<\/a> Das <em>N\u0101tyash\u0101stra<\/em> ist eine Abhandlung zu Tanz und Theater in Sanskrit und behandelt Themen wie Ausdruck, Kost\u00fcme, aber auch die dem Tanz zugrunde liegende Philosophie. Neben Bharatanatyam bezieht man sich auch in den meisten anderen klassisch-indischen Tanzstilen auf das<em> N\u0101tyash\u0101stra<\/em>. Sein Inhalt hat jedoch auch\u00a0 Theaterformen wie Kutiyattam beeinflusst.<\/p>\n<\/div>\n<div>\n<p><a title=\"\" href=\"#_ftnref3\">[3]<\/a> Sanskrit: <em>n\u0101var\u0101s\u0101<\/em><\/p>\n<\/div>\n<\/div>\n","protected":false},"excerpt":{"rendered":"<p>Eine kurze Einf\u00fchrung in den indischen Tanzstil Bharatanatyam Bharatanatyam ist ein klassischer Tanz aus S\u00fcdindien und wird dort schon seit circa 2000 Jahren praktiziert. Er entstand in hinduistischen Tempeln, in denen T\u00e4nzerinnen die G\u00f6tter mit ihrem Tanz verehrten und unterhielten. Nach einer Phase des Niedergangs unter der britischen Kolonialherrschaft wurde er von engagierten und traditionsbewussten [&hellip;]<\/p>\n","protected":false},"author":1,"featured_media":0,"parent":0,"menu_order":0,"comment_status":"open","ping_status":"open","template":"","meta":{"footnotes":""},"class_list":["post-2","page","type-page","status-publish","hentry"],"_links":{"self":[{"href":"https:\/\/nandini.bplaced.net\/wordpress\/wp-json\/wp\/v2\/pages\/2","targetHints":{"allow":["GET"]}}],"collection":[{"href":"https:\/\/nandini.bplaced.net\/wordpress\/wp-json\/wp\/v2\/pages"}],"about":[{"href":"https:\/\/nandini.bplaced.net\/wordpress\/wp-json\/wp\/v2\/types\/page"}],"author":[{"embeddable":true,"href":"https:\/\/nandini.bplaced.net\/wordpress\/wp-json\/wp\/v2\/users\/1"}],"replies":[{"embeddable":true,"href":"https:\/\/nandini.bplaced.net\/wordpress\/wp-json\/wp\/v2\/comments?post=2"}],"version-history":[{"count":17,"href":"https:\/\/nandini.bplaced.net\/wordpress\/wp-json\/wp\/v2\/pages\/2\/revisions"}],"predecessor-version":[{"id":268,"href":"https:\/\/nandini.bplaced.net\/wordpress\/wp-json\/wp\/v2\/pages\/2\/revisions\/268"}],"wp:attachment":[{"href":"https:\/\/nandini.bplaced.net\/wordpress\/wp-json\/wp\/v2\/media?parent=2"}],"curies":[{"name":"wp","href":"https:\/\/api.w.org\/{rel}","templated":true}]}}